{"id":91177,"date":"2024-02-15T10:21:38","date_gmt":"2024-02-15T09:21:38","guid":{"rendered":"https:\/\/www.packagingpremiere.it\/?post_type=guest&#038;p=91177"},"modified":"2024-02-15T10:21:41","modified_gmt":"2024-02-15T09:21:41","slug":"jungwon-heo","status":"publish","type":"guest","link":"https:\/\/www.packagingpremiere.it\/it\/speaker\/jungwon-heo\/","title":{"rendered":"Jungwon Heo"},"content":{"rendered":"\n<p>Jungwon Heo \u00e8 il responsabile del Creative Center di AMOREPACIFIC. Si \u00e8 laureato sia in Design dell&#8217;Ambiente Umano che in Design di Edifici e Interni presso l&#8217;Universit\u00e0 di Yonsei in Corea, e ha conseguito il master in Design presso la Domus Academy e il dottorato in Gestione del Design presso l&#8217;Universit\u00e0 di Chiba in Giappone. Prima di entrare in AMOREPACIFIC, ha ricoperto varie posizioni presso il LG Electronics Design Center, come designer di prodotti, stratega del design e responsabile del ramo giapponese del design. Attualmente guida il Creative Center di AMOREPACIFIC, supervisionando branding, prodotto e design degli spazi per oltre 30 marchi AMOREPACIFIC. Inoltre, guida anche vari progetti creativi a livello aziendale, inclusa l&#8217;operazione degli spazi principali come AMORE SEONGSU.<\/p>\n","protected":false},"excerpt":{"rendered":"<p>Jungwon Heo \u00e8 il responsabile del Creative Center di AMOREPACIFIC. Si \u00e8 laureato sia in Design dell&#8217;Ambiente Umano che in Design di Edifici e Interni presso l&#8217;Universit\u00e0 di Yonsei in Corea, e ha conseguito il master in Design presso la Domus Academy e il dottorato in Gestione del Design presso l&#8217;Universit\u00e0 di Chiba in Giappone. [&hellip;]<\/p>\n","protected":false},"featured_media":91179,"template":"","meta":{"_seopress_robots_primary_cat":"","_seopress_titles_title":"Jungwon Heo - Amorepacific - sar\u00e0 speaker a Packaging Premi\u00e8re &amp; PCD Milan 2024","_seopress_titles_desc":"Jungwon Heo - Amorepacific - sar\u00e0 speaker a Packaging Premi\u00e8re &amp; PCD Milan 2024","_seopress_robots_index":"","_company_name":"Amorepacific","_job_title":"Lead of Creative Center, Senior Vice President","_visit_me":"","_email":"","_linkedin":"","_twitter":"","_facebook":"","_instagram":"","_youtube":"","_imdb":"","footnotes":""},"edition":[659],"guest_type":[546],"work":[],"class_list":["post-91177","guest","type-guest","status-publish","has-post-thumbnail","hentry","edition-packaging-premiere-pcd-milan-2024","guest_type-keynote-speaker"],"_cover_image":null,"_links":{"self":[{"href":"https:\/\/www.packagingpremiere.it\/it\/wp-json\/wp\/v2\/guest\/91177","targetHints":{"allow":["GET"]}}],"collection":[{"href":"https:\/\/www.packagingpremiere.it\/it\/wp-json\/wp\/v2\/guest"}],"about":[{"href":"https:\/\/www.packagingpremiere.it\/it\/wp-json\/wp\/v2\/types\/guest"}],"version-history":[{"count":1,"href":"https:\/\/www.packagingpremiere.it\/it\/wp-json\/wp\/v2\/guest\/91177\/revisions"}],"predecessor-version":[{"id":91181,"href":"https:\/\/www.packagingpremiere.it\/it\/wp-json\/wp\/v2\/guest\/91177\/revisions\/91181"}],"wp:featuredmedia":[{"embeddable":true,"href":"https:\/\/www.packagingpremiere.it\/it\/wp-json\/wp\/v2\/media\/91179"}],"wp:attachment":[{"href":"https:\/\/www.packagingpremiere.it\/it\/wp-json\/wp\/v2\/media?parent=91177"}],"wp:term":[{"taxonomy":"edition","embeddable":true,"href":"https:\/\/www.packagingpremiere.it\/it\/wp-json\/wp\/v2\/edition?post=91177"},{"taxonomy":"guest_type","embeddable":true,"href":"https:\/\/www.packagingpremiere.it\/it\/wp-json\/wp\/v2\/guest_type?post=91177"},{"taxonomy":"work","embeddable":true,"href":"https:\/\/www.packagingpremiere.it\/it\/wp-json\/wp\/v2\/work?post=91177"}],"curies":[{"name":"wp","href":"https:\/\/api.w.org\/{rel}","templated":true}]}}

<p>Jungwon Heo è il responsabile del Creative Center di AMOREPACIFIC. Si è laureato sia in Design dell&#8217;Ambiente Umano che in Design di Edifici e Interni presso l&#8217;Università di Yonsei in Corea, e ha conseguito il master in Design presso la Domus Academy e il dottorato in Gestione del Design presso l&#8217;Università di Chiba in Giappone. Prima di entrare in AMOREPACIFIC, ha ricoperto varie posizioni presso il LG Electronics Design Center, come designer di prodotti, stratega del design e responsabile del ramo giapponese del design. Attualmente guida il Creative Center di AMOREPACIFIC, supervisionando branding, prodotto e design degli spazi per oltre 30 marchi AMOREPACIFIC. Inoltre, guida anche vari progetti creativi a livello aziendale, inclusa l&#8217;operazione degli spazi principali come AMORE SEONGSU.</p>

<p>Jungwon Heo è il responsabile del Creative Center di AMOREPACIFIC. Si è laureato sia in Design dell&#8217;Ambiente Umano che in Design di Edifici e Interni presso l&#8217;Università di Yonsei in Corea, e ha conseguito il master in Design presso la Domus Academy e il dottorato in Gestione del Design presso l&#8217;Università di Chiba in Giappone. [&hellip;]</p>

Jungwon Heo - Amorepacific - sarà speaker a Packaging Première &amp; PCD Milan 2024
