{"id":91093,"date":"2024-02-14T17:51:44","date_gmt":"2024-02-14T16:51:44","guid":{"rendered":"https:\/\/www.packagingpremiere.it\/?post_type=guest&#038;p=91093"},"modified":"2024-02-14T17:51:46","modified_gmt":"2024-02-14T16:51:46","slug":"chris-egger","status":"publish","type":"guest","link":"https:\/\/www.packagingpremiere.it\/it\/speaker\/chris-egger\/","title":{"rendered":"Chris Egger"},"content":{"rendered":"\n<p>Dopo aver studiato legge ed economia all&#8217;Universit\u00e0 di Losanna (Svizzera), Chris ha iniziato la sua carriera professionale come imprenditore nella dinamica realt\u00e0 berlinese delle start-up, dove si \u00e8 concentrato sullo sviluppo di idee innovative per rafforzare le identit\u00e0 dei marchi ed aumentarne il loro valore a livello globale.<\/p>\n\n\n\n<p>Nel 2018 entra nel progetto Portofino Dry Gin con i suoi soci Ruggero Raymo e Alesssandro Briola, dove \u00e8 responsabile dell&#8217;identit\u00e0 del marchio, dal packaging alla strategia di marketing e comunicazione.<\/p>\n\n\n\n<p>Nel novembre 2021 \u00e8 stato riconosciuto da Forbes Italia come una delle 100 personalit\u00e0 nel campo del marketing e della comunicazione. Cocktail preferito: il Negroni.<\/p>\n","protected":false},"excerpt":{"rendered":"<p>Dopo aver studiato legge ed economia all&#8217;Universit\u00e0 di Losanna (Svizzera), Chris ha iniziato la sua carriera professionale come imprenditore nella dinamica realt\u00e0 berlinese delle start-up, dove si \u00e8 concentrato sullo sviluppo di idee innovative per rafforzare le identit\u00e0 dei marchi ed aumentarne il loro valore a livello globale. Nel 2018 entra nel progetto Portofino Dry [&hellip;]<\/p>\n","protected":false},"featured_media":91095,"template":"","meta":{"_seopress_robots_primary_cat":"","_seopress_titles_title":"Chris Egger - Portofino Dry Gin - Will be speaking at Packaging Premi\u00e8re 2024","_seopress_titles_desc":"Chris Egger - Portofino Dry Gin - Will be speaking at Packaging Premi\u00e8re 2024","_seopress_robots_index":"","_company_name":"Portofino Dry Gin","_job_title":"CMO & Co-founder","_visit_me":"","_email":"","_linkedin":"","_twitter":"","_facebook":"","_instagram":"","_youtube":"","_imdb":"","footnotes":""},"edition":[659],"guest_type":[546],"work":[],"class_list":["post-91093","guest","type-guest","status-publish","has-post-thumbnail","hentry","edition-packaging-premiere-pcd-milan-2024","guest_type-keynote-speaker"],"_cover_image":null,"_links":{"self":[{"href":"https:\/\/www.packagingpremiere.it\/it\/wp-json\/wp\/v2\/guest\/91093","targetHints":{"allow":["GET"]}}],"collection":[{"href":"https:\/\/www.packagingpremiere.it\/it\/wp-json\/wp\/v2\/guest"}],"about":[{"href":"https:\/\/www.packagingpremiere.it\/it\/wp-json\/wp\/v2\/types\/guest"}],"version-history":[{"count":1,"href":"https:\/\/www.packagingpremiere.it\/it\/wp-json\/wp\/v2\/guest\/91093\/revisions"}],"predecessor-version":[{"id":91097,"href":"https:\/\/www.packagingpremiere.it\/it\/wp-json\/wp\/v2\/guest\/91093\/revisions\/91097"}],"wp:featuredmedia":[{"embeddable":true,"href":"https:\/\/www.packagingpremiere.it\/it\/wp-json\/wp\/v2\/media\/91095"}],"wp:attachment":[{"href":"https:\/\/www.packagingpremiere.it\/it\/wp-json\/wp\/v2\/media?parent=91093"}],"wp:term":[{"taxonomy":"edition","embeddable":true,"href":"https:\/\/www.packagingpremiere.it\/it\/wp-json\/wp\/v2\/edition?post=91093"},{"taxonomy":"guest_type","embeddable":true,"href":"https:\/\/www.packagingpremiere.it\/it\/wp-json\/wp\/v2\/guest_type?post=91093"},{"taxonomy":"work","embeddable":true,"href":"https:\/\/www.packagingpremiere.it\/it\/wp-json\/wp\/v2\/work?post=91093"}],"curies":[{"name":"wp","href":"https:\/\/api.w.org\/{rel}","templated":true}]}}

<p>Dopo aver studiato legge ed economia all&#8217;Università di Losanna (Svizzera), Chris ha iniziato la sua carriera professionale come imprenditore nella dinamica realtà berlinese delle start-up, dove si è concentrato sullo sviluppo di idee innovative per rafforzare le identità dei marchi ed aumentarne il loro valore a livello globale.</p>



<p>Nel 2018 entra nel progetto Portofino Dry Gin con i suoi soci Ruggero Raymo e Alesssandro Briola, dove è responsabile dell&#8217;identità del marchio, dal packaging alla strategia di marketing e comunicazione.</p>



<p>Nel novembre 2021 è stato riconosciuto da Forbes Italia come una delle 100 personalità nel campo del marketing e della comunicazione. Cocktail preferito: il Negroni.</p>

<p>Dopo aver studiato legge ed economia all&#8217;Università di Losanna (Svizzera), Chris ha iniziato la sua carriera professionale come imprenditore nella dinamica realtà berlinese delle start-up, dove si è concentrato sullo sviluppo di idee innovative per rafforzare le identità dei marchi ed aumentarne il loro valore a livello globale. Nel 2018 entra nel progetto Portofino Dry [&hellip;]</p>

Chris Egger - Portofino Dry Gin - Will be speaking at Packaging Première 2024
