{"id":90998,"date":"2024-02-14T16:52:25","date_gmt":"2024-02-14T15:52:25","guid":{"rendered":"https:\/\/www.packagingpremiere.it\/?post_type=guest&#038;p=90998"},"modified":"2024-02-14T16:52:28","modified_gmt":"2024-02-14T15:52:28","slug":"simona-arena","status":"publish","type":"guest","link":"https:\/\/www.packagingpremiere.it\/it\/speaker\/simona-arena\/","title":{"rendered":"Simona Arena"},"content":{"rendered":"\n<p>Dopo la laurea in Economia e Commercio nel 2004, ha esplorato il marketing in vari settori fino al 2011, quando \u00e8 diventata Marketing Manager in un&#8217;azienda di prototipazione rapida e stampa 3D. Questa esperienza decennale ha arricchito le sue competenze, guidandola verso la co-fondazione di Puntozero 3D. Qui, marketing e gestione aziendale si uniscono con la passione per la stampa 3D. La sua carriera \u00e8 un viaggio appassionante nel mondo della tecnologia, con un focus su eccellenza e innovazione.<\/p>\n","protected":false},"excerpt":{"rendered":"<p>Dopo la laurea in Economia e Commercio nel 2004, ha esplorato il marketing in vari settori fino al 2011, quando \u00e8 diventata Marketing Manager in un&#8217;azienda di prototipazione rapida e stampa 3D. Questa esperienza decennale ha arricchito le sue competenze, guidandola verso la co-fondazione di Puntozero 3D. Qui, marketing e gestione aziendale si uniscono con [&hellip;]<\/p>\n","protected":false},"featured_media":91000,"template":"","meta":{"_seopress_robots_primary_cat":"","_seopress_titles_title":"Simona Arena, co-fondatrice di Puntozero 3D, \u00e8 tra gli speaker di Packaging Premi\u00e8re &amp; PCD Milan 2024","_seopress_titles_desc":"Simona Arena, co-fondatrice di Puntozero 3D, \u00e8 tra gli speaker di Packaging Premi\u00e8re &amp; PCD Milan 2024","_seopress_robots_index":"","_company_name":"Puntozero 3D","_job_title":"Co-founder","_visit_me":"","_email":"","_linkedin":"","_twitter":"","_facebook":"","_instagram":"","_youtube":"","_imdb":"","footnotes":""},"edition":[659],"guest_type":[],"work":[],"class_list":["post-90998","guest","type-guest","status-publish","has-post-thumbnail","hentry","edition-packaging-premiere-pcd-milan-2024"],"_cover_image":null,"_links":{"self":[{"href":"https:\/\/www.packagingpremiere.it\/it\/wp-json\/wp\/v2\/guest\/90998","targetHints":{"allow":["GET"]}}],"collection":[{"href":"https:\/\/www.packagingpremiere.it\/it\/wp-json\/wp\/v2\/guest"}],"about":[{"href":"https:\/\/www.packagingpremiere.it\/it\/wp-json\/wp\/v2\/types\/guest"}],"version-history":[{"count":1,"href":"https:\/\/www.packagingpremiere.it\/it\/wp-json\/wp\/v2\/guest\/90998\/revisions"}],"predecessor-version":[{"id":91002,"href":"https:\/\/www.packagingpremiere.it\/it\/wp-json\/wp\/v2\/guest\/90998\/revisions\/91002"}],"wp:featuredmedia":[{"embeddable":true,"href":"https:\/\/www.packagingpremiere.it\/it\/wp-json\/wp\/v2\/media\/91000"}],"wp:attachment":[{"href":"https:\/\/www.packagingpremiere.it\/it\/wp-json\/wp\/v2\/media?parent=90998"}],"wp:term":[{"taxonomy":"edition","embeddable":true,"href":"https:\/\/www.packagingpremiere.it\/it\/wp-json\/wp\/v2\/edition?post=90998"},{"taxonomy":"guest_type","embeddable":true,"href":"https:\/\/www.packagingpremiere.it\/it\/wp-json\/wp\/v2\/guest_type?post=90998"},{"taxonomy":"work","embeddable":true,"href":"https:\/\/www.packagingpremiere.it\/it\/wp-json\/wp\/v2\/work?post=90998"}],"curies":[{"name":"wp","href":"https:\/\/api.w.org\/{rel}","templated":true}]}}

<p>Dopo la laurea in Economia e Commercio nel 2004, ha esplorato il marketing in vari settori fino al 2011, quando è diventata Marketing Manager in un&#8217;azienda di prototipazione rapida e stampa 3D. Questa esperienza decennale ha arricchito le sue competenze, guidandola verso la co-fondazione di Puntozero 3D. Qui, marketing e gestione aziendale si uniscono con la passione per la stampa 3D. La sua carriera è un viaggio appassionante nel mondo della tecnologia, con un focus su eccellenza e innovazione.</p>

<p>Dopo la laurea in Economia e Commercio nel 2004, ha esplorato il marketing in vari settori fino al 2011, quando è diventata Marketing Manager in un&#8217;azienda di prototipazione rapida e stampa 3D. Questa esperienza decennale ha arricchito le sue competenze, guidandola verso la co-fondazione di Puntozero 3D. Qui, marketing e gestione aziendale si uniscono con [&hellip;]</p>

Simona Arena, co-fondatrice di Puntozero 3D, è tra gli speaker di Packaging Première &amp; PCD Milan 2024
