{"id":83807,"date":"2023-11-24T14:48:07","date_gmt":"2023-11-24T13:48:07","guid":{"rendered":"https:\/\/www.packagingpremiere.it\/?post_type=guest&#038;p=83807"},"modified":"2025-12-09T16:05:30","modified_gmt":"2025-12-09T15:05:30","slug":"matteo-mocchi","status":"publish","type":"guest","link":"https:\/\/www.packagingpremiere.it\/it\/speaker\/matteo-mocchi\/","title":{"rendered":"Matteo Mocchi"},"content":{"rendered":"\n<p>Avant-Garde Award 2026 Jury Member &#8211; Design Category<\/p>\n\n\n\n<p>Business Development Director presso Design Bridge and Partners, la pi\u00f9 grande e premiata agenzia di branding al mondo (parte di WPP).<\/p>\n\n\n\n<p>50% designer, 50% imprenditore, Matteo \u00e8 laureato in Design al Politecnico di Milano.<\/p>\n\n\n\n<p>La sua carriera si muove tra creativit\u00e0 e strategia, tra interior, exhibit e product design, e il branding a 360 gradi: dal packaging al digitale, dal retail alla brand identity.<\/p>\n\n\n\n<p>\u00c8 docente universitario e autore di due libri dedicati al brand heritage e al mondo museale.<\/p>\n","protected":false},"excerpt":{"rendered":"<p>Avant-Garde Award 2026 Jury Member &#8211; Design Category Business Development Director presso Design Bridge and Partners, la pi\u00f9 grande e premiata agenzia di branding al mondo (parte di WPP). 50% designer, 50% imprenditore, Matteo \u00e8 laureato in Design al Politecnico di Milano. La sua carriera si muove tra creativit\u00e0 e strategia, tra interior, exhibit e [&hellip;]<\/p>\n","protected":false},"featured_media":229850,"template":"","meta":{"_seopress_robots_primary_cat":"","_seopress_titles_title":"Matteo Mocchi","_seopress_titles_desc":"Avant-Garde Award 2026 Jury Member - Design Category","_seopress_robots_index":"","_company_name":"Design bridge and partners","_job_title":"Business Development Director","_visit_me":"","_email":"","_linkedin":"","_twitter":"","_facebook":"","_instagram":"","_youtube":"","_imdb":"","footnotes":""},"edition":[],"guest_type":[849,658],"work":[855,676],"class_list":["post-83807","guest","type-guest","status-publish","has-post-thumbnail","hentry","guest_type-advisory-board","guest_type-jury","work-advisory-board","work-design-en"],"_cover_image":null,"_links":{"self":[{"href":"https:\/\/www.packagingpremiere.it\/it\/wp-json\/wp\/v2\/guest\/83807","targetHints":{"allow":["GET"]}}],"collection":[{"href":"https:\/\/www.packagingpremiere.it\/it\/wp-json\/wp\/v2\/guest"}],"about":[{"href":"https:\/\/www.packagingpremiere.it\/it\/wp-json\/wp\/v2\/types\/guest"}],"version-history":[{"count":4,"href":"https:\/\/www.packagingpremiere.it\/it\/wp-json\/wp\/v2\/guest\/83807\/revisions"}],"predecessor-version":[{"id":230065,"href":"https:\/\/www.packagingpremiere.it\/it\/wp-json\/wp\/v2\/guest\/83807\/revisions\/230065"}],"wp:featuredmedia":[{"embeddable":true,"href":"https:\/\/www.packagingpremiere.it\/it\/wp-json\/wp\/v2\/media\/229850"}],"wp:attachment":[{"href":"https:\/\/www.packagingpremiere.it\/it\/wp-json\/wp\/v2\/media?parent=83807"}],"wp:term":[{"taxonomy":"edition","embeddable":true,"href":"https:\/\/www.packagingpremiere.it\/it\/wp-json\/wp\/v2\/edition?post=83807"},{"taxonomy":"guest_type","embeddable":true,"href":"https:\/\/www.packagingpremiere.it\/it\/wp-json\/wp\/v2\/guest_type?post=83807"},{"taxonomy":"work","embeddable":true,"href":"https:\/\/www.packagingpremiere.it\/it\/wp-json\/wp\/v2\/work?post=83807"}],"curies":[{"name":"wp","href":"https:\/\/api.w.org\/{rel}","templated":true}]}}

<p>Avant-Garde Award 2026 Jury Member &#8211; Design Category</p>



<p>Business Development Director presso Design Bridge and Partners, la più grande e premiata agenzia di branding al mondo (parte di WPP).</p>



<p>50% designer, 50% imprenditore, Matteo è laureato in Design al Politecnico di Milano.</p>



<p>La sua carriera si muove tra creatività e strategia, tra interior, exhibit e product design, e il branding a 360 gradi: dal packaging al digitale, dal retail alla brand identity.</p>



<p>È docente universitario e autore di due libri dedicati al brand heritage e al mondo museale.</p>

<p>Avant-Garde Award 2026 Jury Member &#8211; Design Category Business Development Director presso Design Bridge and Partners, la più grande e premiata agenzia di branding al mondo (parte di WPP). 50% designer, 50% imprenditore, Matteo è laureato in Design al Politecnico di Milano. La sua carriera si muove tra creatività e strategia, tra interior, exhibit e [&hellip;]</p>
