{"id":147766,"date":"2024-05-20T18:28:36","date_gmt":"2024-05-20T16:28:36","guid":{"rendered":"https:\/\/www.packagingpremiere.it\/?post_type=guest&#038;p=147766"},"modified":"2025-12-03T14:35:27","modified_gmt":"2025-12-03T13:35:27","slug":"filippo-bellini","status":"publish","type":"guest","link":"https:\/\/www.packagingpremiere.it\/it\/speaker\/filippo-bellini\/","title":{"rendered":"Filippo Bellini"},"content":{"rendered":"\n<p>Giornalista e Marketing &amp; Communication Manager con oltre 19 anni di esperienza nel beauty e nel luxury. La mia expertise si esprime tra editoria, PR e strategie di brand. Dopo una lunga attivit\u00e0 giornalistica per realt\u00e0 come Mondadori e Cond\u00e9 Nast, ho arricchito ed evoluto il mio percorso nella comunicazione integrata, nel content marketing e nella consulenza strategica per aziende e fiere del settore. Unisco visione creativa e metodo manageriale per generare valore, innovazione e identit\u00e0\u00a0distintiva.<\/p>\n","protected":false},"excerpt":{"rendered":"<p>Giornalista e Marketing &amp; Communication Manager con oltre 19 anni di esperienza nel beauty e nel luxury. La mia expertise si esprime tra editoria, PR e strategie di brand. Dopo una lunga attivit\u00e0 giornalistica per realt\u00e0 come Mondadori e Cond\u00e9 Nast, ho arricchito ed evoluto il mio percorso nella comunicazione integrata, nel content marketing e [&hellip;]<\/p>\n","protected":false},"featured_media":230008,"template":"","meta":{"_seopress_robots_primary_cat":"","_seopress_titles_title":"Filippo Bellini","_seopress_titles_desc":"Filippo Bellini is a member of Packaging Premi\u00e8re Advisory Board","_seopress_robots_index":"","_company_name":"","_job_title":"Journalist","_visit_me":"","_email":"","_linkedin":"","_twitter":"","_facebook":"","_instagram":"","_youtube":"","_imdb":"","footnotes":""},"edition":[],"guest_type":[849],"work":[855],"class_list":["post-147766","guest","type-guest","status-publish","has-post-thumbnail","hentry","guest_type-advisory-board","work-advisory-board"],"_cover_image":null,"_links":{"self":[{"href":"https:\/\/www.packagingpremiere.it\/it\/wp-json\/wp\/v2\/guest\/147766","targetHints":{"allow":["GET"]}}],"collection":[{"href":"https:\/\/www.packagingpremiere.it\/it\/wp-json\/wp\/v2\/guest"}],"about":[{"href":"https:\/\/www.packagingpremiere.it\/it\/wp-json\/wp\/v2\/types\/guest"}],"version-history":[{"count":3,"href":"https:\/\/www.packagingpremiere.it\/it\/wp-json\/wp\/v2\/guest\/147766\/revisions"}],"predecessor-version":[{"id":230011,"href":"https:\/\/www.packagingpremiere.it\/it\/wp-json\/wp\/v2\/guest\/147766\/revisions\/230011"}],"wp:featuredmedia":[{"embeddable":true,"href":"https:\/\/www.packagingpremiere.it\/it\/wp-json\/wp\/v2\/media\/230008"}],"wp:attachment":[{"href":"https:\/\/www.packagingpremiere.it\/it\/wp-json\/wp\/v2\/media?parent=147766"}],"wp:term":[{"taxonomy":"edition","embeddable":true,"href":"https:\/\/www.packagingpremiere.it\/it\/wp-json\/wp\/v2\/edition?post=147766"},{"taxonomy":"guest_type","embeddable":true,"href":"https:\/\/www.packagingpremiere.it\/it\/wp-json\/wp\/v2\/guest_type?post=147766"},{"taxonomy":"work","embeddable":true,"href":"https:\/\/www.packagingpremiere.it\/it\/wp-json\/wp\/v2\/work?post=147766"}],"curies":[{"name":"wp","href":"https:\/\/api.w.org\/{rel}","templated":true}]}}

<p>Giornalista e Marketing &amp; Communication Manager con oltre 19 anni di esperienza nel beauty e nel luxury. La mia expertise si esprime tra editoria, PR e strategie di brand. Dopo una lunga attività giornalistica per realtà come Mondadori e Condé Nast, ho arricchito ed evoluto il mio percorso nella comunicazione integrata, nel content marketing e nella consulenza strategica per aziende e fiere del settore. Unisco visione creativa e metodo manageriale per generare valore, innovazione e identità distintiva.</p>

<p>Giornalista e Marketing &amp; Communication Manager con oltre 19 anni di esperienza nel beauty e nel luxury. La mia expertise si esprime tra editoria, PR e strategie di brand. Dopo una lunga attività giornalistica per realtà come Mondadori e Condé Nast, ho arricchito ed evoluto il mio percorso nella comunicazione integrata, nel content marketing e [&hellip;]</p>

Filippo Bellini is a member of Packaging Première Advisory Board
