{"id":146355,"date":"2024-05-15T12:48:43","date_gmt":"2024-05-15T10:48:43","guid":{"rendered":"https:\/\/www.packagingpremiere.it\/?post_type=guest&#038;p=146355"},"modified":"2025-12-03T14:36:15","modified_gmt":"2025-12-03T13:36:15","slug":"alessandra-alessi","status":"publish","type":"guest","link":"https:\/\/www.packagingpremiere.it\/it\/speaker\/alessandra-alessi\/","title":{"rendered":"Alessandra Alessi"},"content":{"rendered":"\n<p>Alessandra Alessi \u00e8 una professionista della comunicazione e del packaging con un forte profilo internazionale. Da anni \u00e8 parte attiva di World Packaging Organisation (WPO), contribuendo alla realizzazione di progetti globali e network di settore, nell\u2019ambito di iniziative dedicate alla crescita e alla valorizzazione dell\u2019industria del packaging a livello mondiale.<\/p>\n\n\n\n<p>Nel suo ruolo di event designer, organizza il contest nazionale Best Packaging, progetta e coordina format esperienziali, presentazioni, conferenze e percorsi di networking, valorizzando il dialogo tra professionisti e stakeholder del comparto.<\/p>\n\n\n\n<p>La sua attivit\u00e0 si distingue per la capacit\u00e0 di coniugare visione strategica, competenze organizzative e creativit\u00e0 progettuale, dando vita a eventi che uniscono contenuti, relazione e impatto comunicativo.<\/p>\n","protected":false},"excerpt":{"rendered":"<p>Alessandra Alessi \u00e8 una professionista della comunicazione e del packaging con un forte profilo internazionale. Da anni \u00e8 parte attiva di World Packaging Organisation (WPO), contribuendo alla realizzazione di progetti globali e network di settore, nell\u2019ambito di iniziative dedicate alla crescita e alla valorizzazione dell\u2019industria del packaging a livello mondiale. Nel suo ruolo di event [&hellip;]<\/p>\n","protected":false},"featured_media":230057,"template":"","meta":{"_seopress_robots_primary_cat":"","_seopress_titles_title":"Alessandra Alessi","_seopress_titles_desc":"Alessandra Alessi is a member of Packaging Premi\u00e8re Advisory Board","_seopress_robots_index":"","_company_name":"Istituto Italiano Imballaggio","_job_title":"Communication Manager","_visit_me":"","_email":"","_linkedin":"","_twitter":"","_facebook":"","_instagram":"","_youtube":"","_imdb":"","footnotes":""},"edition":[],"guest_type":[849,658],"work":[855,853],"class_list":["post-146355","guest","type-guest","status-publish","has-post-thumbnail","hentry","guest_type-advisory-board","guest_type-jury","work-advisory-board","work-special"],"_cover_image":null,"_links":{"self":[{"href":"https:\/\/www.packagingpremiere.it\/it\/wp-json\/wp\/v2\/guest\/146355","targetHints":{"allow":["GET"]}}],"collection":[{"href":"https:\/\/www.packagingpremiere.it\/it\/wp-json\/wp\/v2\/guest"}],"about":[{"href":"https:\/\/www.packagingpremiere.it\/it\/wp-json\/wp\/v2\/types\/guest"}],"version-history":[{"count":3,"href":"https:\/\/www.packagingpremiere.it\/it\/wp-json\/wp\/v2\/guest\/146355\/revisions"}],"predecessor-version":[{"id":230037,"href":"https:\/\/www.packagingpremiere.it\/it\/wp-json\/wp\/v2\/guest\/146355\/revisions\/230037"}],"wp:featuredmedia":[{"embeddable":true,"href":"https:\/\/www.packagingpremiere.it\/it\/wp-json\/wp\/v2\/media\/230057"}],"wp:attachment":[{"href":"https:\/\/www.packagingpremiere.it\/it\/wp-json\/wp\/v2\/media?parent=146355"}],"wp:term":[{"taxonomy":"edition","embeddable":true,"href":"https:\/\/www.packagingpremiere.it\/it\/wp-json\/wp\/v2\/edition?post=146355"},{"taxonomy":"guest_type","embeddable":true,"href":"https:\/\/www.packagingpremiere.it\/it\/wp-json\/wp\/v2\/guest_type?post=146355"},{"taxonomy":"work","embeddable":true,"href":"https:\/\/www.packagingpremiere.it\/it\/wp-json\/wp\/v2\/work?post=146355"}],"curies":[{"name":"wp","href":"https:\/\/api.w.org\/{rel}","templated":true}]}}

<p>Alessandra Alessi è una professionista della comunicazione e del packaging con un forte profilo internazionale. Da anni è parte attiva di World Packaging Organisation (WPO), contribuendo alla realizzazione di progetti globali e network di settore, nell’ambito di iniziative dedicate alla crescita e alla valorizzazione dell’industria del packaging a livello mondiale.</p>



<p>Nel suo ruolo di event designer, organizza il contest nazionale Best Packaging, progetta e coordina format esperienziali, presentazioni, conferenze e percorsi di networking, valorizzando il dialogo tra professionisti e stakeholder del comparto.</p>



<p>La sua attività si distingue per la capacità di coniugare visione strategica, competenze organizzative e creatività progettuale, dando vita a eventi che uniscono contenuti, relazione e impatto comunicativo.</p>

<p>Alessandra Alessi è una professionista della comunicazione e del packaging con un forte profilo internazionale. Da anni è parte attiva di World Packaging Organisation (WPO), contribuendo alla realizzazione di progetti globali e network di settore, nell’ambito di iniziative dedicate alla crescita e alla valorizzazione dell’industria del packaging a livello mondiale. Nel suo ruolo di event [&hellip;]</p>

Alessandra Alessi is a member of Packaging Première Advisory Board
