{"id":91198,"date":"2024-02-15T11:01:12","date_gmt":"2024-02-15T10:01:12","guid":{"rendered":"https:\/\/www.packagingpremiere.it\/speaker\/daphne-aube\/"},"modified":"2024-02-15T11:01:15","modified_gmt":"2024-02-15T10:01:15","slug":"daphne-aube","status":"publish","type":"guest","link":"https:\/\/www.packagingpremiere.it\/en\/speaker\/daphne-aube\/","title":{"rendered":"Daphn\u00e9 Aub\u00e9"},"content":{"rendered":"\n<p>Founder of Caract\u00e8res in 2019, the reference agency in valorization of luxury brands through contemporary Art Craftmanship, Daphn\u00e9 Aub\u00e9 is now the manager of a multidisciplinary team from planning strategist to product designer. After post graduated in Business Law and Art History at the Sorbonne, Daphn\u00e9 worked for six years in the Art Market as a business developer and in Finance. She acquired a strong knowledge in Fine Arts and its techniques and refined her eye in the field. Passionate about Art and Entrepreneurship, she quickly understood that Art Craftmanship was a strategic path for luxury brands to differentiate them. <\/p>\n","protected":false},"excerpt":{"rendered":"<p>Founder of Caract\u00e8res in 2019, the reference agency in valorization of luxury brands through contemporary Art Craftmanship, Daphn\u00e9 Aub\u00e9 is now the manager of a multidisciplinary team from planning strategist to product designer. After post graduated in Business Law and Art History at the Sorbonne, Daphn\u00e9 worked for six years in the Art Market as [&hellip;]<\/p>\n","protected":false},"featured_media":91197,"template":"","meta":{"_seopress_robots_primary_cat":"","_seopress_titles_title":"Daphn\u00e9 Aub\u00e9 will be speaking at Packaging Premi\u00e8re & PCD Milan 2024","_seopress_titles_desc":"Daphn\u00e9 Aub\u00e9 will be speaking at Packaging Premi\u00e8re & PCD Milan 2024","_seopress_robots_index":"","_company_name":"Caract\u00e8res Paris","_job_title":"Founder","_visit_me":"","_email":"","_linkedin":"","_twitter":"","_facebook":"","_instagram":"","_youtube":"","_imdb":"","footnotes":""},"edition":[659],"guest_type":[],"work":[],"class_list":["post-91198","guest","type-guest","status-publish","has-post-thumbnail","hentry","edition-packaging-premiere-pcd-milan-2024"],"_cover_image":null,"_links":{"self":[{"href":"https:\/\/www.packagingpremiere.it\/en\/wp-json\/wp\/v2\/guest\/91198","targetHints":{"allow":["GET"]}}],"collection":[{"href":"https:\/\/www.packagingpremiere.it\/en\/wp-json\/wp\/v2\/guest"}],"about":[{"href":"https:\/\/www.packagingpremiere.it\/en\/wp-json\/wp\/v2\/types\/guest"}],"version-history":[{"count":3,"href":"https:\/\/www.packagingpremiere.it\/en\/wp-json\/wp\/v2\/guest\/91198\/revisions"}],"predecessor-version":[{"id":91201,"href":"https:\/\/www.packagingpremiere.it\/en\/wp-json\/wp\/v2\/guest\/91198\/revisions\/91201"}],"wp:featuredmedia":[{"embeddable":true,"href":"https:\/\/www.packagingpremiere.it\/en\/wp-json\/wp\/v2\/media\/91197"}],"wp:attachment":[{"href":"https:\/\/www.packagingpremiere.it\/en\/wp-json\/wp\/v2\/media?parent=91198"}],"wp:term":[{"taxonomy":"edition","embeddable":true,"href":"https:\/\/www.packagingpremiere.it\/en\/wp-json\/wp\/v2\/edition?post=91198"},{"taxonomy":"guest_type","embeddable":true,"href":"https:\/\/www.packagingpremiere.it\/en\/wp-json\/wp\/v2\/guest_type?post=91198"},{"taxonomy":"work","embeddable":true,"href":"https:\/\/www.packagingpremiere.it\/en\/wp-json\/wp\/v2\/work?post=91198"}],"curies":[{"name":"wp","href":"https:\/\/api.w.org\/{rel}","templated":true}]}}

Daphné Aubé

<p>Founder of Caractères in 2019, the reference agency in valorization of luxury brands through contemporary Art Craftmanship, Daphné Aubé is now the manager of a multidisciplinary team from planning strategist to product designer. After post graduated in Business Law and Art History at the Sorbonne, Daphné worked for six years in the Art Market as a business developer and in Finance. She acquired a strong knowledge in Fine Arts and its techniques and refined her eye in the field. Passionate about Art and Entrepreneurship, she quickly understood that Art Craftmanship was a strategic path for luxury brands to differentiate them. </p>

<p>Founder of Caractères in 2019, the reference agency in valorization of luxury brands through contemporary Art Craftmanship, Daphné Aubé is now the manager of a multidisciplinary team from planning strategist to product designer. After post graduated in Business Law and Art History at the Sorbonne, Daphné worked for six years in the Art Market as [&hellip;]</p>

Daphné Aubé will be speaking at Packaging Première & PCD Milan 2024

Caractères Paris
